 -18*k - 34. Let t be b(-8). Calculate the greatest common factor of t and 11.
11
Suppose t + 3*s = 2*s + 278, 4*t - 3*s = 1091. What is the greatest common divisor of 25 and t?
25
Let m(a) = 4*a - 1. Let j be m(4). What is the highest common factor of j and 10?
5
Suppose -5*m + x + 93 = 0, 2*m = 6*m - 5*x - 87. Calculate the highest common factor of 9 and m.
9
Suppose -x - 2 = -0*x. Let o(g) = -2*g + 1. Let n be o(x). Suppose 0 = -n*j + 3*a + 66, -4*j + 3*a = 6*a - 69. What is the greatest common factor of 165 and j?
15
Suppose 3*j - 18 = -3*n + 9, -3*j = -2*n + 28. What is the greatest common divisor of 77 and n?
11
Let a be ((-2)/3)/((-2)/(-6)). Let x be a/7 + 400/28. Calculate the highest common divisor of 2 and x.
2
Suppose g + 0*g = 4. What is the greatest common factor of g and 40?
4
Let o(x) = x**2 + 3*x + 3. Let f be o(-2). Let w = 2 - f. Calculate the highest common divisor of 7 and w.
1
Let r be (8 + -9)*-11*1. Let t = -2 + r. Calculate the highest common factor of t and 9.
9
Let t be 4*(-1)/(-6)*(-231)/(-22). Calculate the greatest common divisor of 14 and t.
7
Suppose h + 2*h - 5 = -g, 3*h - 2*g + 10 = 0. Suppose 4*z - 38 + 2 = -j, z + j - 6 = h. Calculate the highest common divisor of z and 25.
5
Let m(z) be the third derivative of -z**6/120 + z**5/10 - z**4/12 - z**3/3 - z**2. Let t be m(2). What is the highest common divisor of t and 50?
10
Let g(n) = 7*n + 6. Let z(d) = -d**2 + 6*d + 1. Let f be z(7). Let h be g(f). Let x = 52 + h. Calculate the highest common divisor of x and 8.
8
Suppose -11 = -4*p + 1. Suppose 6 - p = w. What is the greatest common factor of 24 and w?
3
Let k = -93 + 103. Calculate the highest common factor of k and 20.
10
Let d = 16 + -11. Suppose d*l + 0 - 10 = 0. Suppose 14 = l*u - 18. What is the greatest common factor of 32 and u?
16
Let g be 540/25 + (-4)/(-10). Let t = g - 12. Let q be -9 + 10 + -1 + 30. What is the highest common factor of t and q?
10
Let d be (-6)/(-33) + (-35)/11. Let p be (-6)/(0 + -1) + d. Calculate the greatest common divisor of p and 3.
3
Let m = -12 - -26. Let r = -272 - -384. Calculate the greatest common divisor of m and r.
14
Suppose -15 = 5*j, 3*v + 63 = 2*j + 162. Calculate the highest common divisor of 217 and v.
31
Let r be -2 + (1 - -1) + 95. Let p = r - 59. What is the highest common factor of 9 and p?
9
Let w be (4 + -4)*(-1)/2. Suppose 2*c - 1 - 1 = w. Calculate the greatest common factor of 1 and c.
1
Suppose -12*b = -14*b + 70. Suppose 4*p - 34 - 10 = -2*o, -3*p + 39 = 2*o. Let r = o + -7. What is the highest common divisor of r and b?
5
Suppose -3*z = -340 - 113. Let b = z - 95. Let i = 98 - b. What is the greatest common divisor of 28 and i?
14
Let j = 102 + -51. Suppose -t = -5*x + 25, 0 = x - 0*x. Let v = t - -42. Calculate the highest common divisor of v and j.
17
Let m(f) = 4*f**2 + 2*f + 2. Let d be m(8). Suppose -d - 108 = -4*q + 5*p, -106 = -q - 4*p. Calculate the greatest common divisor of 14 and q.
14
Let t be (20/(-14))/((-5)/35). What is the highest common factor of 4 and t?
2
Suppose 0 = 5*g - 4*g - 126. Suppose 3*x - 72 - 38 = -4*s, -2*x + 80 = s. Suppose 4*z - x = z. What is the highest common divisor of g and z?
14
Suppose 6 = b - 9. Calculate the highest common factor of 15 and b.
15
Let s be 0*(-2)/(-4) + 16. Suppose -2*o - 256 = -2*t, 5*t - 3*o = 393 + 247. Calculate the highest common divisor of s and t.
16
Let r(j) = 31*j + 1. Let t be r(1). Suppose 2*x = -6 + 14. What is the greatest common divisor of x and t?
4
Suppose -3*d = -8*d. Let s be (-2 + d + 1)*-5. Let w be 5/(-10) + (-164)/(-8). Calculate the highest common factor of s and w.
5
Let v(m) = -m - 8. Let b be v(-6). Let g be (b - 1)*280/(-15). Suppose 3*t = 5*h + 16, 5*h = 5*t - 24 - 6. Calculate the greatest common divisor of t and g.
7
Suppose 82*h - 78*h = 240. Suppose 3*g - 2*g - 20 = -4*d, -2*d + 22 = g. Calculate the greatest common factor of g and h.
12
Suppose 37 = k - 31. What is the highest common divisor of 17 and k?
17
Let v(d) = -d + 19. Let l be v(12). Let j(r) = r**2 - 4*r + 4. Let p be j(l). What is the greatest common factor of p and 10?
5
Suppose 3*k = 0, 3*k = 5*b + 4*k + 160. Let n be ((-3)/4)/(1/b). What is the greatest common divisor of 36 and n?
12
Let o(x) = -x**3 - 6*x**2 - 3*x + 1. Let c be o(-6). Suppose 3*b - c - 2 = 0. What is the highest common factor of b and 35?
7
Let u(t) = 3*t + 2. Let y be u(6). What is the highest common factor of 10 and y?
10
Let o be ((-2)/5 - 0)/((-4)/40). What is the greatest common factor of 1 and o?
1
Let k = 507 - 112. Suppose 3*c - 232 = -4*w, -c - 5*w = 4*c - k. Let q(r) = 4*r - 4. Let m be q(4). What is the highest common factor of c and m?
12
Suppose 0 = 2*v + 2*c + 12, -4*v - 26 = c + 2*c. Let b be 2/v + 129/4. What is the highest common factor of 8 and b?
8
Let o = -6 - -8. Suppose -v - 4*l = -8 - o, 0 = 3*l + 12. Calculate the greatest common factor of 65 and v.
13
Let l(x) = -x**2 + 1 - 15*x + 0*x**2 + 5. Let p be l(-12). What is the highest common factor of p and 28?
14
Let i(s) = 4*s**2 - 5 - s**2 + 2*s**2. Suppose 3 = z - 0*a + 2*a, -2*z + 3*a = -13. Let w be i(z). What is the highest common divisor of 15 and w?
15
Let a = -6 + 10. Suppose a*p - 119 = 145. Calculate the highest common factor of 6 and p.
6
Suppose -13 = 5*m + 42. Let o = 17 + m. What is the highest common divisor of o and 48?
6
Let j = -92 - -182. Calculate the greatest common divisor of j and 18.
18
Suppose o - 3*x = 55, -11*o + 6*o + 3*x = -215. Calculate the highest common divisor of 320 and o.
40
Suppose 0 = -u - 3*u + 56. Let x be (-970)/(-14) + 2/(-7). Let w = 57 + x. What is the greatest common divisor of w and u?
14
Suppose -5*w + w = f - 3, 0 = 2*f - 2*w - 6. Calculate the highest common factor of 1 and f.
1
Let z(r) = -r**3 + r. Let b be z(-1). Let t be -12*(b + 6/(-8)). Suppose -4*j + 45 = -3*j. What is the greatest common divisor of j and t?
9
Let x(t) = -1 - 38*t - 8 + 3. Let m be x(-4). Let d = -76 + m. What is the highest common divisor of d and 14?
14
Let u = -52 - -17. Let a = 69 + u. Let d be -2*(-1 - a/4). Calculate the highest common factor of 38 and d.
19
Let v = 8 + -1. Suppose 2*c - 1 = i + 6*c, 4*i = -c + 11. Let p be 42*(i + (-4)/2). Calculate the highest common factor of p and v.
7
Suppose -4*n = 4*u, 8*n - 3*n + 2*u - 6 = 0. Suppose -9 + n = -j. Let w = -3 + 4. What is the highest common divisor of j and w?
1
Suppose 5*l - 3*d = 489, -6*l - d = -3*l - 299. Let o = -6 - -15. What is the greatest common factor of o and l?
9
Let s(l) = -2*l + 4. Suppose 0 = -7*a + 2*a - 35. Let w be s(a). What is the greatest common factor of w and 12?
6
Let t(w) = -w + 1. Let s(i) = i**3 + 6*i**2 + i + 3. Let b be s(-6). Let q be t(b). What is the greatest common divisor of q and 4?
4
Suppose -6*l + 10 = -l. Suppose l*x - 3*x = -2*j + 20, 5*j - 50 = 3*x. Calculate the greatest common divisor of 110 and j.
10
Let h = 38 + -22. Suppose 0 = 3*n - 1202 - 160. Suppose 0 = -4*z - 3*d + n, 5*z - 328 = 2*z + 4*d. What is the greatest common divisor of z and h?
16
Let m be 7*(-1 - -3 - 1). What is the greatest common factor of 49 and m?
7
Let f be (6/(-2))/((-2)/122). Suppose -5*u + f + 17 = 0. Suppose -u = -5*m - 0*m. What is the greatest common divisor of 56 and m?
8
Let d be ((-3)/7)/(14/(-98)). Let o be (4 - 0)*18/8. What is the greatest common factor of o and d?
3
Let d = 4 + -6. Let u be -2*d/(-3)*-18. Suppose 4*b + 2*j - 161 = 135, -4*j - 344 = -5*b. Calculate the greatest common factor of u and b.
24
Let g be 88/20 + 3/5. Suppose -5*b = 2*n - 103, -4*n = -2*b + 41 + g. Calculate the greatest common divisor of 168 and b.
21
Suppose -w + 67 = -j - 4*j, 3*w - 2*j = 266. What is the greatest common divisor of 23 and w?
23
Suppose o = -5*n - 5, o - n + 3*n = 1. Calculate the greatest common divisor of 10 and o.
5
Let v = 54 + -52. Calculate the highest common divisor of 2 and v.
2
Let k be (-12)/(-9)*(-60)/(-8). Suppose -m = -2*m + k. Calculate the highest common divisor of m and 20.
10
Let s(u) = -u + 7. Let w be s(7). Let a be (7 + -1)/3 - -32. Suppose w = -5*b + a + 41. What is the highest common factor of 3 and b?
3
Suppose 0 = 5*p - 4 - 26. Let g = 26 + -11. What is the greatest common factor of g and p?
3
Let v be 3 + -2 + 1 + 1. Suppo